{"id":108,"date":"2023-05-22T11:42:56","date_gmt":"2023-05-22T08:42:56","guid":{"rendered":"https:\/\/hknkaplama.com\/?page_id=108"},"modified":"2023-06-10T14:15:08","modified_gmt":"2023-06-10T11:15:08","slug":"kataforez-kaplama","status":"publish","type":"page","link":"https:\/\/hknkaplama.com\/index.php\/kataforez-kaplama\/","title":{"rendered":"Kataforez Kaplama"},"content":{"rendered":"\n<p class=\"has-medium-font-size\"><strong>Kataforez kaplama<\/strong> bir \u2018\u2018Elektrokimyasal Boya Kaplama\u2019\u2019 metodu olarak elektrolitik reaksiyona dayal\u0131 bir kimyasal prosestir. Bu kaplama \u00e7e\u015fidi ekolojik a\u00e7\u0131dan temiz, ekonomik ve \u00fcst\u00fcn korozyon korumas\u0131 sa\u011flamaktad\u0131r.<br><\/p>\n\n\n\n<p class=\"has-medium-font-size\">Kataforez kaplamal\u0131 \u00fcr\u00fcnler y\u00fcksek nem, tuz etkisi gibi sert ko\u015fullara dayanabilmektedir. Kataforez kaplama \u00e7o\u011funlukla otomotiv sekt\u00f6r\u00fcnde olmak \u00fczere makine ekipman, tar\u0131m makineleri, dayan\u0131kl\u0131 t\u00fcketim \u00fcr\u00fcnleri imalat\u0131nda ve pek \u00e7ok \u00fcretim alan\u0131nda kullan\u0131lmaktad\u0131r.<br><br>Ba\u015fl\u0131ca \u00f6zellikleri a\u015fa\u011f\u0131da oldu\u011fu gibidir :<br>\u2022 12 y\u0131la kadar paslanmazl\u0131k garanti s\u00fcresi ile en dayan\u0131kl\u0131 kaplama \u00e7e\u015fitlerinden biridir.<br>\u2022 750+ saat korozyona kar\u015f\u0131 dayan\u0131kl\u0131<br>\u2022 Kenar ve k\u00f6\u015felerde y\u00fcksek koruma<br>\u2022 E\u015fit kaplama kal\u0131nl\u0131\u011f\u0131n\u0131n elde edilebilmesi<br>\u2022 Farkl\u0131 y\u00fczeylerde kaplama (al\u00fcminyum, \u00e7elik vs.)<br>\u2022 Ekolojik ve \u00e7evre dostu<\/p>\n\n\n\n<p><\/p>\n\n\n\n<p class=\"has-medium-font-size\">Firmam\u0131zca yap\u0131lan Kataforez kaplama prosesi a\u015fa\u011f\u0131daki a\u015famalardan olu\u015fmaktad\u0131r:<\/p>\n\n\n\n<ol class=\"wp-block-list\">\n<li class=\"has-medium-font-size\">Y\u00fczey Temizleme : Oksit tabakadan ay\u0131rma, ya\u011f alma, aktivat\u00f6r ilaveli ya\u011f alma, suyla durulama<\/li>\n\n\n\n<li class=\"has-medium-font-size\">Boya Kaplama : Fosfatlama ve Kataforez Boya Kaplama<\/li>\n\n\n\n<li class=\"has-medium-font-size\">F\u0131r\u0131nlama : \u00dcr\u00fcn tipine g\u00f6re de\u011fi\u015fmekle birlikte 150 derecede yakla\u015f\u0131k 20 dakika pi\u015firme<\/li>\n<\/ol>\n\n\n\n<p><\/p>\n\n\n\n<p class=\"has-medium-font-size\">HKN Kaplama taraf\u0131ndan yap\u0131lan kataforez kaplama, par\u00e7alar\u0131n t\u00fcm y\u00fczeyini kaplayacak \u015fekilde Avrupal\u0131 otomobil \u00fcreticilerin teknik \u015fartlar\u0131na uygun yeterliliktedir. Standart binek otomobiller ve kamyonetler i\u00e7in ge\u00e7erli olan, arac\u0131n d\u0131\u015f ve alt taraf\u0131ndaki ve motor b\u00f6lmesindeki organik kaplama veya boya uygulanan t\u00fcm metalik ana malzemelerin ilgili \u015fartnamelere uygun \u015fekilde kaplamas\u0131&nbsp;yap\u0131lmaktad\u0131r. Siz de hemen <a href=\"https:\/\/hknkaplama.com\/index.php\/iletisim\/\">ileti\u015fime<\/a> ge\u00e7erek fiyat teklifi alabilirsiniz.<\/p>\n\n\n\n<figure class=\"wp-block-gallery has-nested-images columns-default is-cropped wp-block-gallery-1 is-layout-flex wp-block-gallery-is-layout-flex\">\n<figure class=\"wp-block-image size-large\"><img loading=\"lazy\" decoding=\"async\" width=\"768\" height=\"1024\" data-id=\"166\" src=\"https:\/\/hknkaplama.com\/wp-content\/uploads\/2023\/06\/foto1-768x1024.jpg\" alt=\"\" class=\"wp-image-166\" srcset=\"https:\/\/hknkaplama.com\/wp-content\/uploads\/2023\/06\/foto1-768x1024.jpg 768w, https:\/\/hknkaplama.com\/wp-content\/uploads\/2023\/06\/foto1-225x300.jpg 225w, https:\/\/hknkaplama.com\/wp-content\/uploads\/2023\/06\/foto1-1152x1536.jpg 1152w, https:\/\/hknkaplama.com\/wp-content\/uploads\/2023\/06\/foto1.jpg 1536w\" sizes=\"auto, (max-width: 768px) 100vw, 768px\" \/><\/figure>\n\n\n\n<figure class=\"wp-block-image size-large\"><img loading=\"lazy\" decoding=\"async\" width=\"1024\" height=\"768\" data-id=\"167\" src=\"https:\/\/hknkaplama.com\/wp-content\/uploads\/2023\/06\/foto3-1024x768.jpg\" alt=\"\" class=\"wp-image-167\" srcset=\"https:\/\/hknkaplama.com\/wp-content\/uploads\/2023\/06\/foto3-1024x768.jpg 1024w, https:\/\/hknkaplama.com\/wp-content\/uploads\/2023\/06\/foto3-300x225.jpg 300w, https:\/\/hknkaplama.com\/wp-content\/uploads\/2023\/06\/foto3-768x576.jpg 768w, https:\/\/hknkaplama.com\/wp-content\/uploads\/2023\/06\/foto3-1536x1152.jpg 1536w, https:\/\/hknkaplama.com\/wp-content\/uploads\/2023\/06\/foto3.jpg 2048w\" sizes=\"auto, (max-width: 1024px) 100vw, 1024px\" \/><\/figure>\n\n\n\n<figure class=\"wp-block-image size-large\"><img loading=\"lazy\" decoding=\"async\" width=\"768\" height=\"1024\" data-id=\"168\" src=\"https:\/\/hknkaplama.com\/wp-content\/uploads\/2023\/06\/foto2-768x1024.jpg\" alt=\"\" class=\"wp-image-168\" srcset=\"https:\/\/hknkaplama.com\/wp-content\/uploads\/2023\/06\/foto2-768x1024.jpg 768w, https:\/\/hknkaplama.com\/wp-content\/uploads\/2023\/06\/foto2-225x300.jpg 225w, https:\/\/hknkaplama.com\/wp-content\/uploads\/2023\/06\/foto2-1152x1536.jpg 1152w, https:\/\/hknkaplama.com\/wp-content\/uploads\/2023\/06\/foto2.jpg 1536w\" sizes=\"auto, (max-width: 768px) 100vw, 768px\" \/><\/figure>\n<\/figure>\n","protected":false},"excerpt":{"rendered":"<p>Kataforez kaplama bir \u2018\u2018Elektrokimyasal Boya Kaplama\u2019\u2019 metodu olarak elektrolitik reaksiyona dayal\u0131 bir kimyasal prosestir. Bu kaplama \u00e7e\u015fidi ekolojik a\u00e7\u0131dan temiz, ekonomik ve \u00fcst\u00fcn korozyon korumas\u0131 sa\u011flamaktad\u0131r. Kataforez kaplamal\u0131 \u00fcr\u00fcnler y\u00fcksek nem, tuz etkisi gibi sert ko\u015fullara dayanabilmektedir. Kataforez kaplama \u00e7o\u011funlukla otomotiv sekt\u00f6r\u00fcnde olmak \u00fczere makine ekipman, tar\u0131m makineleri, dayan\u0131kl\u0131 t\u00fcketim \u00fcr\u00fcnleri imalat\u0131nda ve pek \u00e7ok [&hellip;]<\/p>\n","protected":false},"author":1,"featured_media":0,"parent":0,"menu_order":0,"comment_status":"closed","ping_status":"closed","template":"","meta":{"footnotes":""},"class_list":["post-108","page","type-page","status-publish","hentry"],"yoast_head":"<!-- This site is optimized with the Yoast SEO plugin v27.4 - https:\/\/yoast.com\/product\/yoast-seo-wordpress\/ -->\n<title>Kataforez Kaplama | HKN Kaplama<\/title>\n<meta name=\"description\" content=\"Uzman ekibi, uygun fiyat\u0131, \u00fcst\u00fcn kalitesiyle HKN Kaplama&#039;dan hemen kataforez kaplama i\u00e7in fiyat teklifi al\u0131n.\" \/>\n<meta name=\"robots\" content=\"index, follow, max-snippet:-1, max-image-preview:large, max-video-preview:-1\" \/>\n<link rel=\"canonical\" href=\"https:\/\/hknkaplama.com\/index.php\/kataforez-kaplama\/\" \/>\n<meta property=\"og:locale\" content=\"tr_TR\" \/>\n<meta property=\"og:type\" content=\"article\" \/>\n<meta property=\"og:title\" content=\"Kataforez Kaplama | HKN Kaplama\" \/>\n<meta property=\"og:description\" content=\"Uzman ekibi, uygun fiyat\u0131, \u00fcst\u00fcn kalitesiyle HKN Kaplama&#039;dan hemen kataforez kaplama i\u00e7in fiyat teklifi al\u0131n.\" \/>\n<meta property=\"og:url\" content=\"https:\/\/hknkaplama.com\/index.php\/kataforez-kaplama\/\" \/>\n<meta property=\"og:site_name\" content=\"HKN KAPLAMA\" \/>\n<meta property=\"article:modified_time\" content=\"2023-06-10T11:15:08+00:00\" \/>\n<meta property=\"og:image\" content=\"https:\/\/hknkaplama.com\/wp-content\/uploads\/2023\/06\/foto1-768x1024.jpg\" \/>\n<meta name=\"twitter:card\" content=\"summary_large_image\" \/>\n<meta name=\"twitter:label1\" content=\"Tahmini okuma s\u00fcresi\" \/>\n\t<meta name=\"twitter:data1\" content=\"2 dakika\" \/>\n<script type=\"application\/ld+json\" class=\"yoast-schema-graph\">{\"@context\":\"https:\\\/\\\/schema.org\",\"@graph\":[{\"@type\":\"WebPage\",\"@id\":\"https:\\\/\\\/hknkaplama.com\\\/index.php\\\/kataforez-kaplama\\\/\",\"url\":\"https:\\\/\\\/hknkaplama.com\\\/index.php\\\/kataforez-kaplama\\\/\",\"name\":\"Kataforez Kaplama | HKN Kaplama\",\"isPartOf\":{\"@id\":\"https:\\\/\\\/hknkaplama.com\\\/#website\"},\"primaryImageOfPage\":{\"@id\":\"https:\\\/\\\/hknkaplama.com\\\/index.php\\\/kataforez-kaplama\\\/#primaryimage\"},\"image\":{\"@id\":\"https:\\\/\\\/hknkaplama.com\\\/index.php\\\/kataforez-kaplama\\\/#primaryimage\"},\"thumbnailUrl\":\"https:\\\/\\\/hknkaplama.com\\\/wp-content\\\/uploads\\\/2023\\\/06\\\/foto1-768x1024.jpg\",\"datePublished\":\"2023-05-22T08:42:56+00:00\",\"dateModified\":\"2023-06-10T11:15:08+00:00\",\"description\":\"Uzman ekibi, uygun fiyat\u0131, \u00fcst\u00fcn kalitesiyle HKN Kaplama'dan hemen kataforez kaplama i\u00e7in fiyat teklifi al\u0131n.\",\"breadcrumb\":{\"@id\":\"https:\\\/\\\/hknkaplama.com\\\/index.php\\\/kataforez-kaplama\\\/#breadcrumb\"},\"inLanguage\":\"tr\",\"potentialAction\":[{\"@type\":\"ReadAction\",\"target\":[\"https:\\\/\\\/hknkaplama.com\\\/index.php\\\/kataforez-kaplama\\\/\"]}]},{\"@type\":\"ImageObject\",\"inLanguage\":\"tr\",\"@id\":\"https:\\\/\\\/hknkaplama.com\\\/index.php\\\/kataforez-kaplama\\\/#primaryimage\",\"url\":\"https:\\\/\\\/hknkaplama.com\\\/wp-content\\\/uploads\\\/2023\\\/06\\\/foto1.jpg\",\"contentUrl\":\"https:\\\/\\\/hknkaplama.com\\\/wp-content\\\/uploads\\\/2023\\\/06\\\/foto1.jpg\",\"width\":1536,\"height\":2048},{\"@type\":\"BreadcrumbList\",\"@id\":\"https:\\\/\\\/hknkaplama.com\\\/index.php\\\/kataforez-kaplama\\\/#breadcrumb\",\"itemListElement\":[{\"@type\":\"ListItem\",\"position\":1,\"name\":\"Anasayfa\",\"item\":\"https:\\\/\\\/hknkaplama.com\\\/\"},{\"@type\":\"ListItem\",\"position\":2,\"name\":\"Kataforez Kaplama\"}]},{\"@type\":\"WebSite\",\"@id\":\"https:\\\/\\\/hknkaplama.com\\\/#website\",\"url\":\"https:\\\/\\\/hknkaplama.com\\\/\",\"name\":\"HKN KAPLAMA\",\"description\":\"\",\"publisher\":{\"@id\":\"https:\\\/\\\/hknkaplama.com\\\/#organization\"},\"potentialAction\":[{\"@type\":\"SearchAction\",\"target\":{\"@type\":\"EntryPoint\",\"urlTemplate\":\"https:\\\/\\\/hknkaplama.com\\\/?s={search_term_string}\"},\"query-input\":{\"@type\":\"PropertyValueSpecification\",\"valueRequired\":true,\"valueName\":\"search_term_string\"}}],\"inLanguage\":\"tr\"},{\"@type\":\"Organization\",\"@id\":\"https:\\\/\\\/hknkaplama.com\\\/#organization\",\"name\":\"HKN KAPLAMA\",\"url\":\"https:\\\/\\\/hknkaplama.com\\\/\",\"logo\":{\"@type\":\"ImageObject\",\"inLanguage\":\"tr\",\"@id\":\"https:\\\/\\\/hknkaplama.com\\\/#\\\/schema\\\/logo\\\/image\\\/\",\"url\":\"https:\\\/\\\/hknkaplama.com\\\/wp-content\\\/uploads\\\/2023\\\/06\\\/WhatsApp-Image-2023-06-05-at-19.20.38.jpeg\",\"contentUrl\":\"https:\\\/\\\/hknkaplama.com\\\/wp-content\\\/uploads\\\/2023\\\/06\\\/WhatsApp-Image-2023-06-05-at-19.20.38.jpeg\",\"width\":1136,\"height\":351,\"caption\":\"HKN KAPLAMA\"},\"image\":{\"@id\":\"https:\\\/\\\/hknkaplama.com\\\/#\\\/schema\\\/logo\\\/image\\\/\"}}]}<\/script>\n<!-- \/ Yoast SEO plugin. -->","yoast_head_json":{"title":"Kataforez Kaplama | HKN Kaplama","description":"Uzman ekibi, uygun fiyat\u0131, \u00fcst\u00fcn kalitesiyle HKN Kaplama'dan hemen kataforez kaplama i\u00e7in fiyat teklifi al\u0131n.","robots":{"index":"index","follow":"follow","max-snippet":"max-snippet:-1","max-image-preview":"max-image-preview:large","max-video-preview":"max-video-preview:-1"},"canonical":"https:\/\/hknkaplama.com\/index.php\/kataforez-kaplama\/","og_locale":"tr_TR","og_type":"article","og_title":"Kataforez Kaplama | HKN Kaplama","og_description":"Uzman ekibi, uygun fiyat\u0131, \u00fcst\u00fcn kalitesiyle HKN Kaplama'dan hemen kataforez kaplama i\u00e7in fiyat teklifi al\u0131n.","og_url":"https:\/\/hknkaplama.com\/index.php\/kataforez-kaplama\/","og_site_name":"HKN KAPLAMA","article_modified_time":"2023-06-10T11:15:08+00:00","og_image":[{"url":"https:\/\/hknkaplama.com\/wp-content\/uploads\/2023\/06\/foto1-768x1024.jpg","type":"","width":"","height":""}],"twitter_card":"summary_large_image","twitter_misc":{"Tahmini okuma s\u00fcresi":"2 dakika"},"schema":{"@context":"https:\/\/schema.org","@graph":[{"@type":"WebPage","@id":"https:\/\/hknkaplama.com\/index.php\/kataforez-kaplama\/","url":"https:\/\/hknkaplama.com\/index.php\/kataforez-kaplama\/","name":"Kataforez Kaplama | HKN Kaplama","isPartOf":{"@id":"https:\/\/hknkaplama.com\/#website"},"primaryImageOfPage":{"@id":"https:\/\/hknkaplama.com\/index.php\/kataforez-kaplama\/#primaryimage"},"image":{"@id":"https:\/\/hknkaplama.com\/index.php\/kataforez-kaplama\/#primaryimage"},"thumbnailUrl":"https:\/\/hknkaplama.com\/wp-content\/uploads\/2023\/06\/foto1-768x1024.jpg","datePublished":"2023-05-22T08:42:56+00:00","dateModified":"2023-06-10T11:15:08+00:00","description":"Uzman ekibi, uygun fiyat\u0131, \u00fcst\u00fcn kalitesiyle HKN Kaplama'dan hemen kataforez kaplama i\u00e7in fiyat teklifi al\u0131n.","breadcrumb":{"@id":"https:\/\/hknkaplama.com\/index.php\/kataforez-kaplama\/#breadcrumb"},"inLanguage":"tr","potentialAction":[{"@type":"ReadAction","target":["https:\/\/hknkaplama.com\/index.php\/kataforez-kaplama\/"]}]},{"@type":"ImageObject","inLanguage":"tr","@id":"https:\/\/hknkaplama.com\/index.php\/kataforez-kaplama\/#primaryimage","url":"https:\/\/hknkaplama.com\/wp-content\/uploads\/2023\/06\/foto1.jpg","contentUrl":"https:\/\/hknkaplama.com\/wp-content\/uploads\/2023\/06\/foto1.jpg","width":1536,"height":2048},{"@type":"BreadcrumbList","@id":"https:\/\/hknkaplama.com\/index.php\/kataforez-kaplama\/#breadcrumb","itemListElement":[{"@type":"ListItem","position":1,"name":"Anasayfa","item":"https:\/\/hknkaplama.com\/"},{"@type":"ListItem","position":2,"name":"Kataforez Kaplama"}]},{"@type":"WebSite","@id":"https:\/\/hknkaplama.com\/#website","url":"https:\/\/hknkaplama.com\/","name":"HKN KAPLAMA","description":"","publisher":{"@id":"https:\/\/hknkaplama.com\/#organization"},"potentialAction":[{"@type":"SearchAction","target":{"@type":"EntryPoint","urlTemplate":"https:\/\/hknkaplama.com\/?s={search_term_string}"},"query-input":{"@type":"PropertyValueSpecification","valueRequired":true,"valueName":"search_term_string"}}],"inLanguage":"tr"},{"@type":"Organization","@id":"https:\/\/hknkaplama.com\/#organization","name":"HKN KAPLAMA","url":"https:\/\/hknkaplama.com\/","logo":{"@type":"ImageObject","inLanguage":"tr","@id":"https:\/\/hknkaplama.com\/#\/schema\/logo\/image\/","url":"https:\/\/hknkaplama.com\/wp-content\/uploads\/2023\/06\/WhatsApp-Image-2023-06-05-at-19.20.38.jpeg","contentUrl":"https:\/\/hknkaplama.com\/wp-content\/uploads\/2023\/06\/WhatsApp-Image-2023-06-05-at-19.20.38.jpeg","width":1136,"height":351,"caption":"HKN KAPLAMA"},"image":{"@id":"https:\/\/hknkaplama.com\/#\/schema\/logo\/image\/"}}]}},"_links":{"self":[{"href":"https:\/\/hknkaplama.com\/index.php\/wp-json\/wp\/v2\/pages\/108","targetHints":{"allow":["GET"]}}],"collection":[{"href":"https:\/\/hknkaplama.com\/index.php\/wp-json\/wp\/v2\/pages"}],"about":[{"href":"https:\/\/hknkaplama.com\/index.php\/wp-json\/wp\/v2\/types\/page"}],"author":[{"embeddable":true,"href":"https:\/\/hknkaplama.com\/index.php\/wp-json\/wp\/v2\/users\/1"}],"replies":[{"embeddable":true,"href":"https:\/\/hknkaplama.com\/index.php\/wp-json\/wp\/v2\/comments?post=108"}],"version-history":[{"count":5,"href":"https:\/\/hknkaplama.com\/index.php\/wp-json\/wp\/v2\/pages\/108\/revisions"}],"predecessor-version":[{"id":169,"href":"https:\/\/hknkaplama.com\/index.php\/wp-json\/wp\/v2\/pages\/108\/revisions\/169"}],"wp:attachment":[{"href":"https:\/\/hknkaplama.com\/index.php\/wp-json\/wp\/v2\/media?parent=108"}],"curies":[{"name":"wp","href":"https:\/\/api.w.org\/{rel}","templated":true}]}}