{"id":54,"date":"2022-08-09T18:47:50","date_gmt":"2022-08-09T15:47:50","guid":{"rendered":"https:\/\/hknkaplama.com\/?page_id=54"},"modified":"2024-11-04T15:29:14","modified_gmt":"2024-11-04T12:29:14","slug":"iletisim","status":"publish","type":"page","link":"https:\/\/hknkaplama.com\/index.php\/iletisim\/","title":{"rendered":"\u0130leti\u015fim"},"content":{"rendered":"\t\t<div data-elementor-type=\"wp-page\" data-elementor-id=\"54\" class=\"elementor elementor-54\">\n\t\t\t\t\t\t\t\t\t<section class=\"elementor-section elementor-top-section elementor-element elementor-element-df2998f elementor-section-boxed elementor-section-height-default elementor-section-height-default\" data-id=\"df2998f\" data-element_type=\"section\">\n\t\t\t\t\t\t<div class=\"elementor-container elementor-column-gap-default\">\n\t\t\t\t\t<div class=\"elementor-column elementor-col-100 elementor-top-column elementor-element elementor-element-e37177c\" data-id=\"e37177c\" data-element_type=\"column\">\n\t\t\t<div class=\"elementor-widget-wrap elementor-element-populated\">\n\t\t\t\t\t\t\t\t<div class=\"elementor-element elementor-element-0791cd3 elementor-widget elementor-widget-heading\" data-id=\"0791cd3\" data-element_type=\"widget\" data-widget_type=\"heading.default\">\n\t\t\t\t<div class=\"elementor-widget-container\">\n\t\t\t<style>\/*! elementor - v3.7.0 - 08-08-2022 *\/\n.elementor-heading-title{padding:0;margin:0;line-height:1}.elementor-widget-heading .elementor-heading-title[class*=elementor-size-]>a{color:inherit;font-size:inherit;line-height:inherit}.elementor-widget-heading .elementor-heading-title.elementor-size-small{font-size:15px}.elementor-widget-heading .elementor-heading-title.elementor-size-medium{font-size:19px}.elementor-widget-heading .elementor-heading-title.elementor-size-large{font-size:29px}.elementor-widget-heading .elementor-heading-title.elementor-size-xl{font-size:39px}.elementor-widget-heading .elementor-heading-title.elementor-size-xxl{font-size:59px}<\/style><h2 class=\"elementor-heading-title elementor-size-default\">Hemen ileti\u015fime ge\u00e7in, size \u00f6zel fiyat teklifi al\u0131n<\/h2>\t\t<\/div>\n\t\t\t\t<\/div>\n\t\t\t\t\t<\/div>\n\t\t<\/div>\n\t\t\t\t\t\t\t<\/div>\n\t\t<\/section>\n\t\t\t\t<section class=\"elementor-section elementor-top-section elementor-element elementor-element-1f976f25 elementor-section-content-middle elementor-section-boxed elementor-section-height-default elementor-section-height-default\" data-id=\"1f976f25\" data-element_type=\"section\">\n\t\t\t\t\t\t<div class=\"elementor-container elementor-column-gap-no\">\n\t\t\t\t\t<div class=\"elementor-column elementor-col-100 elementor-top-column elementor-element elementor-element-3d8c58ef\" data-id=\"3d8c58ef\" data-element_type=\"column\">\n\t\t\t<div class=\"elementor-widget-wrap elementor-element-populated\">\n\t\t\t\t\t\t\t\t<div class=\"elementor-element elementor-element-7f1a3ef1 elementor-widget elementor-widget-heading\" data-id=\"7f1a3ef1\" data-element_type=\"widget\" data-widget_type=\"heading.default\">\n\t\t\t\t<div class=\"elementor-widget-container\">\n\t\t\t<h6 class=\"elementor-heading-title elementor-size-default\">\u0130leti\u015fim<\/h6>\t\t<\/div>\n\t\t\t\t<\/div>\n\t\t\t\t<div class=\"elementor-element elementor-element-45d12b76 elementor-widget elementor-widget-heading\" data-id=\"45d12b76\" data-element_type=\"widget\" data-widget_type=\"heading.default\">\n\t\t\t\t<div class=\"elementor-widget-container\">\n\t\t\t<h6 class=\"elementor-heading-title elementor-size-default\"><p style=\"text-align: center;\">0537 726 0029<br>HKN Kaplama<br><br><strong>0532 451 7053<br>Cihan Kulaks\u0131z<br><br>0542 778 04 04 <br>Fad\u0131l \u00c7arbo\u011fa<br><br>0535 747 3067<br>Samet Ko\u00e7ak<\/strong><\/p><\/h6>\t\t<\/div>\n\t\t\t\t<\/div>\n\t\t\t\t<div class=\"elementor-element elementor-element-4af1906f elementor-widget elementor-widget-heading\" data-id=\"4af1906f\" data-element_type=\"widget\" data-widget_type=\"heading.default\">\n\t\t\t\t<div class=\"elementor-widget-container\">\n\t\t\t<h3 class=\"elementor-heading-title elementor-size-default\">Galvano Teknik Sanayi C Blok No: 31 \u0130kitelli OSB, Ba\u015fak\u015fehir\/\u0130stanbul<\/h3>\t\t<\/div>\n\t\t\t\t<\/div>\n\t\t\t\t<div class=\"elementor-element elementor-element-6a6ff2d0 elementor-widget elementor-widget-google_maps\" data-id=\"6a6ff2d0\" data-element_type=\"widget\" data-widget_type=\"google_maps.default\">\n\t\t\t\t<div class=\"elementor-widget-container\">\n\t\t\t<style>\/*! elementor - v3.7.0 - 08-08-2022 *\/\n.elementor-widget-google_maps .elementor-widget-container{overflow:hidden}.elementor-widget-google_maps iframe{height:300px}<\/style>\t\t<div class=\"elementor-custom-embed\">\n\t\t\t<iframe frameborder=\"0\" scrolling=\"no\" marginheight=\"0\" marginwidth=\"0\"\n\t\t\t\t\tsrc=\"https:\/\/maps.google.com\/maps?q=Ba%C5%9Fak%C5%9Fehir%2C%20Galvano%20Teknik%20Sanayi%20Sitesi%2C%20%C4%B0kitelli%20Osb.%20Galvano%20Teknik%20Sanayi%20Sitesi%20Y%C3%B6netim%20Ofisi%2C%2034306%20%C4%B0stanbul&#038;t=m&#038;z=13&#038;output=embed&#038;iwloc=near\"\n\t\t\t\t\ttitle=\"Ba\u015fak\u015fehir, Galvano Teknik Sanayi Sitesi, \u0130kitelli Osb. Galvano Teknik Sanayi Sitesi Y\u00f6netim Ofisi, 34306 \u0130stanbul\"\n\t\t\t\t\taria-label=\"Ba\u015fak\u015fehir, Galvano Teknik Sanayi Sitesi, \u0130kitelli Osb. Galvano Teknik Sanayi Sitesi Y\u00f6netim Ofisi, 34306 \u0130stanbul\"\n\t\t\t><\/iframe>\n\t\t<\/div>\n\t\t\t\t<\/div>\n\t\t\t\t<\/div>\n\t\t\t\t\t<\/div>\n\t\t<\/div>\n\t\t\t\t\t\t\t<\/div>\n\t\t<\/section>\n\t\t\t\t\t\t\t<\/div>\n\t\t","protected":false},"excerpt":{"rendered":"<p>Hemen ileti\u015fime ge\u00e7in, size \u00f6zel fiyat teklifi al\u0131n \u0130leti\u015fim 0537 726 0029HKN Kaplama 0532 451 7053Cihan Kulaks\u0131z 0542 778 04 04 Fad\u0131l \u00c7arbo\u011fa 0535 747 3067Samet Ko\u00e7ak Galvano Teknik Sanayi C Blok No: 31 \u0130kitelli OSB, Ba\u015fak\u015fehir\/\u0130stanbul<\/p>\n","protected":false},"author":1,"featured_media":0,"parent":0,"menu_order":0,"comment_status":"closed","ping_status":"closed","template":"","meta":{"footnotes":""},"class_list":["post-54","page","type-page","status-publish","hentry"],"yoast_head":"<!-- This site is optimized with the Yoast SEO plugin v27.5 - https:\/\/yoast.com\/product\/yoast-seo-wordpress\/ -->\n<title>\u0130leti\u015fim | HKN Kaplama<\/title>\n<meta name=\"description\" content=\"Y\u0131llar\u0131n tecr\u00fcbesi ve \u00fcst\u00fcn kalitesiyle HKNKAPLAMA&#039;dan hemen fiyat teklifi al\u0131n.\" \/>\n<meta name=\"robots\" content=\"index, follow, max-snippet:-1, max-image-preview:large, max-video-preview:-1\" \/>\n<link rel=\"canonical\" href=\"https:\/\/hknkaplama.com\/index.php\/iletisim\/\" \/>\n<meta property=\"og:locale\" content=\"tr_TR\" \/>\n<meta property=\"og:type\" content=\"article\" \/>\n<meta property=\"og:title\" content=\"\u0130leti\u015fim | HKN Kaplama\" \/>\n<meta property=\"og:description\" content=\"Y\u0131llar\u0131n tecr\u00fcbesi ve \u00fcst\u00fcn kalitesiyle HKNKAPLAMA&#039;dan hemen fiyat teklifi al\u0131n.\" \/>\n<meta property=\"og:url\" content=\"https:\/\/hknkaplama.com\/index.php\/iletisim\/\" \/>\n<meta property=\"og:site_name\" content=\"HKN KAPLAMA\" \/>\n<meta property=\"article:modified_time\" content=\"2024-11-04T12:29:14+00:00\" \/>\n<meta name=\"twitter:card\" content=\"summary_large_image\" \/>\n<meta name=\"twitter:label1\" content=\"Tahmini okuma s\u00fcresi\" \/>\n\t<meta name=\"twitter:data1\" content=\"1 dakika\" \/>\n<script type=\"application\/ld+json\" class=\"yoast-schema-graph\">{\"@context\":\"https:\\\/\\\/schema.org\",\"@graph\":[{\"@type\":\"WebPage\",\"@id\":\"https:\\\/\\\/hknkaplama.com\\\/index.php\\\/iletisim\\\/\",\"url\":\"https:\\\/\\\/hknkaplama.com\\\/index.php\\\/iletisim\\\/\",\"name\":\"\u0130leti\u015fim | HKN Kaplama\",\"isPartOf\":{\"@id\":\"https:\\\/\\\/hknkaplama.com\\\/#website\"},\"datePublished\":\"2022-08-09T15:47:50+00:00\",\"dateModified\":\"2024-11-04T12:29:14+00:00\",\"description\":\"Y\u0131llar\u0131n tecr\u00fcbesi ve \u00fcst\u00fcn kalitesiyle HKNKAPLAMA'dan hemen fiyat teklifi al\u0131n.\",\"breadcrumb\":{\"@id\":\"https:\\\/\\\/hknkaplama.com\\\/index.php\\\/iletisim\\\/#breadcrumb\"},\"inLanguage\":\"tr\",\"potentialAction\":[{\"@type\":\"ReadAction\",\"target\":[\"https:\\\/\\\/hknkaplama.com\\\/index.php\\\/iletisim\\\/\"]}]},{\"@type\":\"BreadcrumbList\",\"@id\":\"https:\\\/\\\/hknkaplama.com\\\/index.php\\\/iletisim\\\/#breadcrumb\",\"itemListElement\":[{\"@type\":\"ListItem\",\"position\":1,\"name\":\"Anasayfa\",\"item\":\"https:\\\/\\\/hknkaplama.com\\\/\"},{\"@type\":\"ListItem\",\"position\":2,\"name\":\"\u0130leti\u015fim\"}]},{\"@type\":\"WebSite\",\"@id\":\"https:\\\/\\\/hknkaplama.com\\\/#website\",\"url\":\"https:\\\/\\\/hknkaplama.com\\\/\",\"name\":\"HKN KAPLAMA\",\"description\":\"\",\"publisher\":{\"@id\":\"https:\\\/\\\/hknkaplama.com\\\/#organization\"},\"potentialAction\":[{\"@type\":\"SearchAction\",\"target\":{\"@type\":\"EntryPoint\",\"urlTemplate\":\"https:\\\/\\\/hknkaplama.com\\\/?s={search_term_string}\"},\"query-input\":{\"@type\":\"PropertyValueSpecification\",\"valueRequired\":true,\"valueName\":\"search_term_string\"}}],\"inLanguage\":\"tr\"},{\"@type\":\"Organization\",\"@id\":\"https:\\\/\\\/hknkaplama.com\\\/#organization\",\"name\":\"HKN KAPLAMA\",\"url\":\"https:\\\/\\\/hknkaplama.com\\\/\",\"logo\":{\"@type\":\"ImageObject\",\"inLanguage\":\"tr\",\"@id\":\"https:\\\/\\\/hknkaplama.com\\\/#\\\/schema\\\/logo\\\/image\\\/\",\"url\":\"https:\\\/\\\/hknkaplama.com\\\/wp-content\\\/uploads\\\/2023\\\/06\\\/WhatsApp-Image-2023-06-05-at-19.20.38.jpeg\",\"contentUrl\":\"https:\\\/\\\/hknkaplama.com\\\/wp-content\\\/uploads\\\/2023\\\/06\\\/WhatsApp-Image-2023-06-05-at-19.20.38.jpeg\",\"width\":1136,\"height\":351,\"caption\":\"HKN KAPLAMA\"},\"image\":{\"@id\":\"https:\\\/\\\/hknkaplama.com\\\/#\\\/schema\\\/logo\\\/image\\\/\"}}]}<\/script>\n<!-- \/ Yoast SEO plugin. -->","yoast_head_json":{"title":"\u0130leti\u015fim | HKN Kaplama","description":"Y\u0131llar\u0131n tecr\u00fcbesi ve \u00fcst\u00fcn kalitesiyle HKNKAPLAMA'dan hemen fiyat teklifi al\u0131n.","robots":{"index":"index","follow":"follow","max-snippet":"max-snippet:-1","max-image-preview":"max-image-preview:large","max-video-preview":"max-video-preview:-1"},"canonical":"https:\/\/hknkaplama.com\/index.php\/iletisim\/","og_locale":"tr_TR","og_type":"article","og_title":"\u0130leti\u015fim | HKN Kaplama","og_description":"Y\u0131llar\u0131n tecr\u00fcbesi ve \u00fcst\u00fcn kalitesiyle HKNKAPLAMA'dan hemen fiyat teklifi al\u0131n.","og_url":"https:\/\/hknkaplama.com\/index.php\/iletisim\/","og_site_name":"HKN KAPLAMA","article_modified_time":"2024-11-04T12:29:14+00:00","twitter_card":"summary_large_image","twitter_misc":{"Tahmini okuma s\u00fcresi":"1 dakika"},"schema":{"@context":"https:\/\/schema.org","@graph":[{"@type":"WebPage","@id":"https:\/\/hknkaplama.com\/index.php\/iletisim\/","url":"https:\/\/hknkaplama.com\/index.php\/iletisim\/","name":"\u0130leti\u015fim | HKN Kaplama","isPartOf":{"@id":"https:\/\/hknkaplama.com\/#website"},"datePublished":"2022-08-09T15:47:50+00:00","dateModified":"2024-11-04T12:29:14+00:00","description":"Y\u0131llar\u0131n tecr\u00fcbesi ve \u00fcst\u00fcn kalitesiyle HKNKAPLAMA'dan hemen fiyat teklifi al\u0131n.","breadcrumb":{"@id":"https:\/\/hknkaplama.com\/index.php\/iletisim\/#breadcrumb"},"inLanguage":"tr","potentialAction":[{"@type":"ReadAction","target":["https:\/\/hknkaplama.com\/index.php\/iletisim\/"]}]},{"@type":"BreadcrumbList","@id":"https:\/\/hknkaplama.com\/index.php\/iletisim\/#breadcrumb","itemListElement":[{"@type":"ListItem","position":1,"name":"Anasayfa","item":"https:\/\/hknkaplama.com\/"},{"@type":"ListItem","position":2,"name":"\u0130leti\u015fim"}]},{"@type":"WebSite","@id":"https:\/\/hknkaplama.com\/#website","url":"https:\/\/hknkaplama.com\/","name":"HKN KAPLAMA","description":"","publisher":{"@id":"https:\/\/hknkaplama.com\/#organization"},"potentialAction":[{"@type":"SearchAction","target":{"@type":"EntryPoint","urlTemplate":"https:\/\/hknkaplama.com\/?s={search_term_string}"},"query-input":{"@type":"PropertyValueSpecification","valueRequired":true,"valueName":"search_term_string"}}],"inLanguage":"tr"},{"@type":"Organization","@id":"https:\/\/hknkaplama.com\/#organization","name":"HKN KAPLAMA","url":"https:\/\/hknkaplama.com\/","logo":{"@type":"ImageObject","inLanguage":"tr","@id":"https:\/\/hknkaplama.com\/#\/schema\/logo\/image\/","url":"https:\/\/hknkaplama.com\/wp-content\/uploads\/2023\/06\/WhatsApp-Image-2023-06-05-at-19.20.38.jpeg","contentUrl":"https:\/\/hknkaplama.com\/wp-content\/uploads\/2023\/06\/WhatsApp-Image-2023-06-05-at-19.20.38.jpeg","width":1136,"height":351,"caption":"HKN KAPLAMA"},"image":{"@id":"https:\/\/hknkaplama.com\/#\/schema\/logo\/image\/"}}]}},"_links":{"self":[{"href":"https:\/\/hknkaplama.com\/index.php\/wp-json\/wp\/v2\/pages\/54","targetHints":{"allow":["GET"]}}],"collection":[{"href":"https:\/\/hknkaplama.com\/index.php\/wp-json\/wp\/v2\/pages"}],"about":[{"href":"https:\/\/hknkaplama.com\/index.php\/wp-json\/wp\/v2\/types\/page"}],"author":[{"embeddable":true,"href":"https:\/\/hknkaplama.com\/index.php\/wp-json\/wp\/v2\/users\/1"}],"replies":[{"embeddable":true,"href":"https:\/\/hknkaplama.com\/index.php\/wp-json\/wp\/v2\/comments?post=54"}],"version-history":[{"count":28,"href":"https:\/\/hknkaplama.com\/index.php\/wp-json\/wp\/v2\/pages\/54\/revisions"}],"predecessor-version":[{"id":277,"href":"https:\/\/hknkaplama.com\/index.php\/wp-json\/wp\/v2\/pages\/54\/revisions\/277"}],"wp:attachment":[{"href":"https:\/\/hknkaplama.com\/index.php\/wp-json\/wp\/v2\/media?parent=54"}],"curies":[{"name":"wp","href":"https:\/\/api.w.org\/{rel}","templated":true}]}}